{"id":5,"date":"2019-07-10T07:57:52","date_gmt":"2019-07-10T07:57:52","guid":{"rendered":"https:\/\/eserticaret.com\/index.php\/one-page-express\/"},"modified":"2019-07-11T07:30:12","modified_gmt":"2019-07-11T07:30:12","slug":"anasayfa","status":"publish","type":"page","link":"https:\/\/eserticaret.com\/","title":{"rendered":"Anasayfa"},"content":{"rendered":"<div  id=\"overlapable-2\" style=\"background-color: #ffffff;\" data-label=\"Overlapable\" data-id=\"stripped-coloured-icon-boxes\" data-category=\"overlapable\" class=\"features-coloured-icon-boxes-section\" data-overlap=\"true\"> <div  class=\"gridContainer\"> <div  class=\"features-coloured-icon-boxes-innerrow flexbox-list dark-text\" data-type=\"row\"> <div  class=\"features-coloured-icon-boxes-featurecol cp3cols\"> <div  class=\"features-coloured-icon-boxes-iconcontainer\" data-content-item-container=\"true\"> <i  data-cp-fa=\"true\" class=\"features-coloured-icon fa fa-bolt\"><\/i> <\/div> <h4  class=\"\">H\u0131zl\u0131 Tedarik<\/h4> <p  class=\"\">Stokda Bulunmayan \u00dcr\u00fcnleri Hemen Tedarik Ederek M\u00fc\u015fterilerimize Zaman Tasarrufu Kazand\u0131r\u0131yoruz.&nbsp;<\/p>  <\/div> <div  class=\"features-coloured-icon-boxes-featurecol cp3cols\"> <div  class=\"features-coloured-icon-boxes-iconcontainer\" data-content-item-container=\"true\"> <i  data-cp-fa=\"true\" class=\"features-coloured-icon fa fa-cloud\"><\/i> <\/div> <h4  class=\"\">Kaliteli Par\u00e7a<\/h4> <p  class=\"\">Orjinalin Yan\u0131 s\u0131ra Yan Sanayi Par\u00e7alar\u0131m\u0131z Bile Orjinal Kalitesinde Olup Sizi Yollarda Da\u011flarda B\u0131rakmaz.&nbsp;<\/p>  <\/div> <div  class=\"features-coloured-icon-boxes-featurecol cp3cols\"> <div  class=\"features-coloured-icon-boxes-iconcontainer\" data-content-item-container=\"true\"> <i  data-cp-fa=\"true\" class=\"features-coloured-icon fa fa-signal\"><\/i> <\/div> <h4  class=\"\">Uygun Fiyat<\/h4> <p  class=\"\">Hem Orjinal Hem Muadil \u00dcr\u00fcnlerimiz Piyasa De\u011ferlerinin Alt\u0131nda Olup Ceplerinizi Yakmaz.&nbsp;<\/p>  <\/div> <div  class=\"features-coloured-icon-boxes-featurecol cp3cols\"> <div  class=\"features-coloured-icon-boxes-iconcontainer\" data-content-item-container=\"true\"> <i  data-cp-fa=\"true\" class=\"features-coloured-icon fa fa-pie-chart\"><\/i> <\/div> <h4  class=\"\">4. Tan\u0131t\u0131m Ba\u015fl\u0131\u011f\u0131<\/h4> <p  class=\"\">Bizim Hakk\u0131m\u0131zda Bir Yaz\u0131\n<br ><br >Test.&nbsp;<\/p>  <\/div> <\/div> <\/div><\/div><div  id=\"latest-posts\" style=\"background-color: #ffffff;\" data-label=\"Latest posts\" data-id=\"blog-section\" data-category=\"latest_news\" class=\"blog-section\"> <div  class=\"gridContainer\"> <div  class=\"blog-textrow\"> <div  class=\"blog-textcol dynamic-color\" data-type=\"column\"> <h2  class=\"\">\u00dcr\u00fcnler<\/h2> <p  class=\"\">Ba\u015fl\u0131ca \u00dcr\u00fcnlerimiz Listelenmi\u015ftir. T\u00fcm \u00dcr\u00fcnleri G\u00f6rmek \u0130\u00e7in T\u00fcm \u00dcr\u00fcnleri G\u00f6r D\u00fc\u011fmesine T\u0131klay\u0131n\u0131z<\/p> <\/div> <\/div> <div  class=\"blog-postsrow dark-text\" data-type=\"row\" data-dynamic-columns=\"one_page_express_latest_news_columns\" data-content-shortcode=\"one_page_express_latest_news\">            <div id=\"post-147\" class=\"blog-postcol cp4cols\">\r\n            <div class=\"post-content\">\r\n                                    <a class=\"post-list-item-thumb\" href=\"https:\/\/eserticaret.com\/index.php\/2019\/10\/08\/mercedes-wabco-fren-aksamlari-antalya\/\">\r\n                        <img loading=\"lazy\" decoding=\"async\" width=\"1024\" height=\"1365\" src=\"https:\/\/eserticaret.com\/wp-content\/uploads\/2019\/09\/Mercedes-wabco-fren-aksamlar\u0131-1024x1365.jpg\" class=\"attachment-post-thumbnail size-post-thumbnail wp-post-image\" alt=\"\" srcset=\"https:\/\/eserticaret.com\/wp-content\/uploads\/2019\/09\/Mercedes-wabco-fren-aksamlar\u0131-1024x1365.jpg 1024w, https:\/\/eserticaret.com\/wp-content\/uploads\/2019\/09\/Mercedes-wabco-fren-aksamlar\u0131-225x300.jpg 225w, https:\/\/eserticaret.com\/wp-content\/uploads\/2019\/09\/Mercedes-wabco-fren-aksamlar\u0131-768x1024.jpg 768w, https:\/\/eserticaret.com\/wp-content\/uploads\/2019\/09\/Mercedes-wabco-fren-aksamlar\u0131-810x1080.jpg 810w, https:\/\/eserticaret.com\/wp-content\/uploads\/2019\/09\/Mercedes-wabco-fren-aksamlar\u0131.jpg 1200w\" sizes=\"auto, (max-width: 1024px) 100vw, 1024px\" \/>                    <\/a>\r\n                                <div class=\"row_345\">\r\n                    <h3 class=\"blog-title\">\r\n                        <a href=\"https:\/\/eserticaret.com\/index.php\/2019\/10\/08\/mercedes-wabco-fren-aksamlari-antalya\/\" rel=\"bookmark\">\r\n                            Mercedes wabco fren aksamlar\u0131 antalya                        <\/a>\r\n                    <\/h3>\r\n                    <p>Mercedes wabco fren aksamlar\u0131 antalya. T\u00fcm Mercedes wabco fren aksamlar\u0131 Kaliteli Hizmet Uygun Fiyatla ESER T\u0130CARET&#8217;den Temin Edebilirsiniz.. Hemen Bilgi ve Sipari\u015f \u0130\u00e7in Sitenin Sa\u011f Alt K\u0131sm\u0131ndaki Canl\u0131 Destek \u00dczerinden[&hellip;]<\/p>\n                    <a class=\"button blue small\" href=\"https:\/\/eserticaret.com\/index.php\/2019\/10\/08\/mercedes-wabco-fren-aksamlari-antalya\/\">\r\n                        <span data-theme=\"one_page_express_latest_news_read_more\">Read more<\/span>\r\n                    <\/a>\r\n                    <hr class=\"blog-separator\">\n<div class=\"post-header\">\n    <i class=\"font-icon-post fa fa-user\"><\/i>\n    <a href=\"https:\/\/eserticaret.com\/index.php\/author\/admin\/\" title=\"admin taraf\u0131ndan yaz\u0131lan yaz\u0131lar\" rel=\"author\">admin<\/a>    <i class=\"font-icon-post fa fa-calendar\"><\/i>\n    <span class=\"span12\">Ekim 8, 2019<\/span>\n\n    <i class=\"font-icon-post fa fa-comment-o\"><\/i>\n    <span>0<\/span>\n<\/div>                <\/div>\r\n            <\/div>\r\n        <\/div>\r\n                <div id=\"post-144\" class=\"blog-postcol cp4cols\">\r\n            <div class=\"post-content\">\r\n                                    <a class=\"post-list-item-thumb\" href=\"https:\/\/eserticaret.com\/index.php\/2019\/10\/08\/fss-fren-aksamlari-bmc-mercedes-antalya\/\">\r\n                        <img loading=\"lazy\" decoding=\"async\" width=\"1024\" height=\"1365\" src=\"https:\/\/eserticaret.com\/wp-content\/uploads\/2019\/09\/Fss-fren-aksamlar\u0131-bmc-mercedes-antalya-1024x1365.jpg\" class=\"attachment-post-thumbnail size-post-thumbnail wp-post-image\" alt=\"\" srcset=\"https:\/\/eserticaret.com\/wp-content\/uploads\/2019\/09\/Fss-fren-aksamlar\u0131-bmc-mercedes-antalya-1024x1365.jpg 1024w, https:\/\/eserticaret.com\/wp-content\/uploads\/2019\/09\/Fss-fren-aksamlar\u0131-bmc-mercedes-antalya-225x300.jpg 225w, https:\/\/eserticaret.com\/wp-content\/uploads\/2019\/09\/Fss-fren-aksamlar\u0131-bmc-mercedes-antalya-768x1024.jpg 768w, https:\/\/eserticaret.com\/wp-content\/uploads\/2019\/09\/Fss-fren-aksamlar\u0131-bmc-mercedes-antalya-810x1080.jpg 810w, https:\/\/eserticaret.com\/wp-content\/uploads\/2019\/09\/Fss-fren-aksamlar\u0131-bmc-mercedes-antalya.jpg 1200w\" sizes=\"auto, (max-width: 1024px) 100vw, 1024px\" \/>                    <\/a>\r\n                                <div class=\"row_345\">\r\n                    <h3 class=\"blog-title\">\r\n                        <a href=\"https:\/\/eserticaret.com\/index.php\/2019\/10\/08\/fss-fren-aksamlari-bmc-mercedes-antalya\/\" rel=\"bookmark\">\r\n                            Fss fren aksamlar\u0131 bmc mercedes antalya                        <\/a>\r\n                    <\/h3>\r\n                    <p>Fss fren aksamlar\u0131 bmc mercedes antalya. T\u00fcmFss fren aksamlar\u0131 bmc mercedes malzemelerini Kaliteli Hizmet Uygun Fiyatla ESER T\u0130CARET&#8217;den Temin Edebilirsiniz.. Hemen Bilgi ve Sipari\u015f \u0130\u00e7in Sitenin Sa\u011f Alt K\u0131sm\u0131ndaki Canl\u0131[&hellip;]<\/p>\n                    <a class=\"button blue small\" href=\"https:\/\/eserticaret.com\/index.php\/2019\/10\/08\/fss-fren-aksamlari-bmc-mercedes-antalya\/\">\r\n                        <span data-theme=\"one_page_express_latest_news_read_more\">Read more<\/span>\r\n                    <\/a>\r\n                    <hr class=\"blog-separator\">\n<div class=\"post-header\">\n    <i class=\"font-icon-post fa fa-user\"><\/i>\n    <a href=\"https:\/\/eserticaret.com\/index.php\/author\/admin\/\" title=\"admin taraf\u0131ndan yaz\u0131lan yaz\u0131lar\" rel=\"author\">admin<\/a>    <i class=\"font-icon-post fa fa-calendar\"><\/i>\n    <span class=\"span12\">Ekim 8, 2019<\/span>\n\n    <i class=\"font-icon-post fa fa-comment-o\"><\/i>\n    <span>0<\/span>\n<\/div>                <\/div>\r\n            <\/div>\r\n        <\/div>\r\n                <div id=\"post-141\" class=\"blog-postcol cp4cols\">\r\n            <div class=\"post-content\">\r\n                                    <a class=\"post-list-item-thumb\" href=\"https:\/\/eserticaret.com\/index.php\/2019\/10\/08\/bmc-komple-motor-aksamlari-antalya\/\">\r\n                        <img loading=\"lazy\" decoding=\"async\" width=\"1024\" height=\"1365\" src=\"https:\/\/eserticaret.com\/wp-content\/uploads\/2019\/09\/Bmc-komple-motor-aksamlar\u0131-1024x1365.jpg\" class=\"attachment-post-thumbnail size-post-thumbnail wp-post-image\" alt=\"\" srcset=\"https:\/\/eserticaret.com\/wp-content\/uploads\/2019\/09\/Bmc-komple-motor-aksamlar\u0131-1024x1365.jpg 1024w, https:\/\/eserticaret.com\/wp-content\/uploads\/2019\/09\/Bmc-komple-motor-aksamlar\u0131-225x300.jpg 225w, https:\/\/eserticaret.com\/wp-content\/uploads\/2019\/09\/Bmc-komple-motor-aksamlar\u0131-768x1024.jpg 768w, https:\/\/eserticaret.com\/wp-content\/uploads\/2019\/09\/Bmc-komple-motor-aksamlar\u0131-810x1080.jpg 810w, https:\/\/eserticaret.com\/wp-content\/uploads\/2019\/09\/Bmc-komple-motor-aksamlar\u0131.jpg 1200w\" sizes=\"auto, (max-width: 1024px) 100vw, 1024px\" \/>                    <\/a>\r\n                                <div class=\"row_345\">\r\n                    <h3 class=\"blog-title\">\r\n                        <a href=\"https:\/\/eserticaret.com\/index.php\/2019\/10\/08\/bmc-komple-motor-aksamlari-antalya\/\" rel=\"bookmark\">\r\n                            Bmc komple motor aksamlar\u0131 antalya                        <\/a>\r\n                    <\/h3>\r\n                    <p>Bmc komple motor aksamlar\u0131 antalya. T\u00fcm Bmc komple motor aksamlar\u0131 Kaliteli Hizmet Uygun Fiyatla ESER T\u0130CARET&#8217;den Temin Edebilirsiniz.. Hemen Bilgi ve Sipari\u015f \u0130\u00e7in Sitenin Sa\u011f Alt K\u0131sm\u0131ndaki Canl\u0131 Destek \u00dczerinden[&hellip;]<\/p>\n                    <a class=\"button blue small\" href=\"https:\/\/eserticaret.com\/index.php\/2019\/10\/08\/bmc-komple-motor-aksamlari-antalya\/\">\r\n                        <span data-theme=\"one_page_express_latest_news_read_more\">Read more<\/span>\r\n                    <\/a>\r\n                    <hr class=\"blog-separator\">\n<div class=\"post-header\">\n    <i class=\"font-icon-post fa fa-user\"><\/i>\n    <a href=\"https:\/\/eserticaret.com\/index.php\/author\/admin\/\" title=\"admin taraf\u0131ndan yaz\u0131lan yaz\u0131lar\" rel=\"author\">admin<\/a>    <i class=\"font-icon-post fa fa-calendar\"><\/i>\n    <span class=\"span12\">Ekim 8, 2019<\/span>\n\n    <i class=\"font-icon-post fa fa-comment-o\"><\/i>\n    <span>0<\/span>\n<\/div>                <\/div>\r\n            <\/div>\r\n        <\/div>\r\n        <\/div> <div  class=\"blog-textcol\"> <a  class=\"button blue\" data-attr-shortcode=\"href:one_page_express_blog_link\" href=\"https:\/\/eserticaret.com\/index.php\/urunler\/\">T\u00fcm \u00dcr\u00fcnleri G\u00d6R<\/a> <\/div> <\/div><\/div><div  id=\"about-1\" style=\"background-color: #f6f6f6;\" data-label=\"About\" data-id=\"about-big-images-section\" data-category=\"about\" class=\"about-big-images-section\"> <div  class=\"gridContainer\"> <div  class=\"about-big-images-textrow\"> <div  class=\"about-big-images-textcol dynamic-color\" data-type=\"column\"> <h5  class=\"\">EK \u0130\u015fimiz De\u011fil,TEK \u0130\u015fimiz !<\/h5> <h3  class=\"\">Mesle\u011fe Ba\u015flad\u0131\u011f\u0131m\u0131z&nbsp;<span  href=\"#\" class=\"span25\">ilk g\u00fcnk\u00fc A\u015eKLA<\/span>&nbsp;m\u00fc\u015fterilerimize hizmet veriyoruz.<\/h3>  <a  class=\"button blue big\" href=\"https:\/\/eserticaret.com\/index.php\/hakkimizda\" target=\"_self\">Hakk\u0131m\u0131zda<\/a> <\/div> <\/div> <\/div> <div  class=\"about-big-images-bottomrow\"> <div  class=\"about-big-images-leftimgcol\"><img decoding=\"async\"  class=\"about-big-images-leftimg\" src=\"https:\/\/eserticaret.com\/wp-content\/uploads\/2019\/07\/antalya_perkins_yedek_par\u00e7a.png\"> <\/div> <div  class=\"about-big-images-centerimgcol\"><img decoding=\"async\"  class=\"about-big-images-centerimg\" src=\"https:\/\/eserticaret.com\/wp-content\/uploads\/2019\/07\/antalya_bmc_yedek_par\u00e7a.png\"> <\/div> <div  class=\"about-big-images-rightimgcol\"><img decoding=\"async\"  class=\"about-big-images-rightimg\" src=\"https:\/\/eserticaret.com\/wp-content\/uploads\/2019\/07\/antalya_cummins_yedek_par\u00e7a.jpg\"> <\/div> <\/div> <\/div><div  id=\"testimonials-1\" style=\"background-color: #f6f6f6;\" data-label=\"Testimonials\" data-id=\"testimonials-boxed-section\" data-category=\"testimonials\" class=\"testimonials-boxed-section\"> <div  class=\"gridContainer\"> <div  class=\"testimonials-boxed-textcol dynamic-color\" data-type=\"column\"> <h2  class=\"\">M\u00fc\u015fteri Yorumlar\u0131<\/h2> <p  class=\"\">Sosyal Medya ve Mail Olarak M\u00fc\u015fterilerimizin Yorumlar\u0131.<\/p> <\/div> <div  class=\"testimonials-boxed-itemsrow dark-text\" data-type=\"row\"> <div  class=\"testimonials-boxed-itemcol cp4cols cp6cols-tablet\"> <div  class=\"testimonials-boxed-itemcard\" data-type=\"column\"> <h4  class=\"testimonials-boxed-itemtext\">\u201cBMC Deyince Akla \u0130lk Gelen Yer ! Periyodik Bak\u0131m Zamanlar\u0131nda T\u00fcm Yedek Par\u00e7a Tedari\u011fini Eser Ticaretden G\u00f6n\u00fcl Rahatl\u0131\u011f\u0131 \u0130le Al\u0131yoruz.\u201d<\/h4><img decoding=\"async\"  class=\"testimonials-boxed-itemimg\" data-size=\"500x500\" src=\"https:\/\/eserticaret.com\/wp-content\/uploads\/2019\/07\/cropped-kamyoncu-dayinin-ders-niteliginde-konusmasi_9688201-17430_600x315.jpg\"> <h5  class=\"testimonials-boxed-itemname\">Abdurrahman A.<\/h5> <h6  class=\"testimonials-boxed-itempos\"><\/h6> <\/div> <\/div> <div  class=\"testimonials-boxed-itemcol cp4cols cp6cols-tablet\"> <div  class=\"testimonials-boxed-itemcard\" data-type=\"column\"> <h4  class=\"testimonials-boxed-itemtext\">\u201cMercedesime Ald\u0131\u011f\u0131m T\u00fcm Yedek Par\u00e7alar\u0131 Eser Ticaretden Al\u0131yorum. Hem Kafam Rahatl\u0131yor Hem Cebim.\n<br >\u201d<\/h4><img decoding=\"async\"  class=\"testimonials-boxed-itemimg\" data-size=\"500x500\" src=\"https:\/\/eserticaret.com\/wp-content\/uploads\/2019\/07\/cropped-hqdefault.jpg\"> <h5  class=\"testimonials-boxed-itemname\">Mehmet K.<\/h5> <h6  class=\"testimonials-boxed-itempos\"><\/h6> <\/div> <\/div> <div  class=\"testimonials-boxed-itemcol cp4cols cp6cols-tablet\"> <div  class=\"testimonials-boxed-itemcard\" data-type=\"column\"> <h4  class=\"testimonials-boxed-itemtext\">\u201cKamyon Filomuzun T\u00fcm Yedek Par\u00e7a \u0130htiyac\u0131n\u0131 Eser Ticaretden Kar\u015f\u0131layarak Hem Paradan Hemde Sa\u011flam Par\u00e7alar Sayesinde Zamandan Tasarruf Ediyoruz\u201d<\/h4><img decoding=\"async\"  class=\"testimonials-boxed-itemimg\" data-size=\"500x500\" src=\"https:\/\/eserticaret.com\/wp-content\/plugins\/one-page-express-companion\/theme-data\/one-page-express\/sections\/images\/face7.jpg\"> <h5  class=\"testimonials-boxed-itemname\">Alper E.<\/h5>  <\/div> <\/div> <\/div> <\/div><\/div><div  id=\"numbers\" data-label=\"Numbers\" data-id=\"numbers-section\" data-category=\"numbers\" data-bg=\"transparent\" class=\"numbers-section\" data-parallax-depth=\"20\"> <div  class=\"gridContainer dynamic-color\"> <div  class=\"numbers-itemcol\"> <h2  class=\"numbers-numbertext\">39<\/h2> <h3  class=\"numbers-titletext\">Y\u0131l<\/h3> <\/div> <div  class=\"numbers-itemcol\"> <h2  class=\"numbers-numbertext\">10Binlerce<\/h2> <h3  class=\"numbers-titletext\">Memnun M\u00fc\u015fteri<\/h3> <\/div> <div  class=\"numbers-itemcol-last\"> <h2  class=\"numbers-numbertext\">Kaliteli<\/h2> <h3  class=\"numbers-titletext\">Hizmet Anlay\u0131\u015f\u0131<\/h3> <\/div> <\/div><\/div>","protected":false},"excerpt":{"rendered":"<p>H\u0131zl\u0131 Tedarik Stokda Bulunmayan \u00dcr\u00fcnleri Hemen Tedarik Ederek M\u00fc\u015fterilerimize Zaman Tasarrufu Kazand\u0131r\u0131yoruz.&nbsp; Kaliteli Par\u00e7a Orjinalin Yan\u0131 s\u0131ra Yan Sanayi Par\u00e7alar\u0131m\u0131z Bile Orjinal Kalitesinde Olup Sizi Yollarda Da\u011flarda B\u0131rakmaz.&nbsp; Uygun Fiyat Hem Orjinal Hem Muadil \u00dcr\u00fcnlerimiz Piyasa De\u011ferlerinin Alt\u0131nda Olup Ceplerinizi Yakmaz.&nbsp; 4. Tan\u0131t\u0131m Ba\u015fl\u0131\u011f\u0131 Bizim Hakk\u0131m\u0131zda Bir Yaz\u0131 Test.&nbsp; \u00dcr\u00fcnler Ba\u015fl\u0131ca \u00dcr\u00fcnlerimiz Listelenmi\u015ftir. T\u00fcm \u00dcr\u00fcnleri&hellip; <br \/> <a class=\"button small blue\" href=\"https:\/\/eserticaret.com\/index.php\/2019\/10\/08\/bmc-komple-motor-aksamlari-antalya\/\">Devam\u0131<\/a><\/p>\n","protected":false},"author":1,"featured_media":0,"parent":0,"menu_order":0,"comment_status":"closed","ping_status":"closed","template":"","meta":{"footnotes":""},"class_list":["post-5","page","type-page","status-publish","hentry"],"_links":{"self":[{"href":"https:\/\/eserticaret.com\/index.php\/wp-json\/wp\/v2\/pages\/5","targetHints":{"allow":["GET"]}}],"collection":[{"href":"https:\/\/eserticaret.com\/index.php\/wp-json\/wp\/v2\/pages"}],"about":[{"href":"https:\/\/eserticaret.com\/index.php\/wp-json\/wp\/v2\/types\/page"}],"author":[{"embeddable":true,"href":"https:\/\/eserticaret.com\/index.php\/wp-json\/wp\/v2\/users\/1"}],"replies":[{"embeddable":true,"href":"https:\/\/eserticaret.com\/index.php\/wp-json\/wp\/v2\/comments?post=5"}],"version-history":[{"count":17,"href":"https:\/\/eserticaret.com\/index.php\/wp-json\/wp\/v2\/pages\/5\/revisions"}],"predecessor-version":[{"id":99,"href":"https:\/\/eserticaret.com\/index.php\/wp-json\/wp\/v2\/pages\/5\/revisions\/99"}],"wp:attachment":[{"href":"https:\/\/eserticaret.com\/index.php\/wp-json\/wp\/v2\/media?parent=5"}],"curies":[{"name":"wp","href":"https:\/\/api.w.org\/{rel}","templated":true}]}}